).
6
Let w(m) = 9*m - 504. What is w(-11)?
-603
Let y(r) = -17*r - 862. What is y(-51)?
5
Let d(z) = -56*z - 3922. Determine d(-70).
-2
Let x(s) = 2*s**3 + 11*s**2 - 119*s - 627. Determine x(-8).
5
Let f(k) = 19*k**2 + 18*k - 1. What is f(2)?
111
Let f(a) = a**2 + 47*a - 69. Give f(-49).
29
Let c(o) = 76*o + 2591. Calculate c(-34).
7
Let l(f) = -2*f**3 - 19*f**2 + 39*f + 68. What is l(-11)?
2
Let w(v) = 138*v - 809. Give w(7).
157
Let g(a) = -135*a - 490. Give g(-2).
-220
Let h(p) = 154*p - 1678. Determine h(11).
16
Let s(v) = v**2 + 2432*v + 7287. Calculate s(-3).
0
Let y(z) = -2*z + 83. Give y(4).
75
Let v(q) = -q**3 + 19*q**2 - 107*q + 2543. Determine v(20).
3
Let j(o) = 51*o + 2481. What is j(-50)?
-69
Let v(n) = 73*n**2 + 435*n - 15. Determine v(-6).
3
Let n(h) = -91*h + 111. Determine n(1).
20
Let s(q) = 2*q**3 - 16*q**2 + 26*q + 7. Calculate s(8).
215
Let z(v) = -3*v - 79. Determine z(-4).
-67
Let p(h) = -45*h + 27. Give p(0).
27
Let j(g) = -g**3 + 36*g**2 + 73*g + 107. Calculate j(38).
-7
Let m(i) = 2*i**3 + 7*i**2 - 62*i - 88. Determine m(-8).
-168
Let u(q) = 34*q + 203. Calculate u(6).
407
Let s(t) = -377*t - 2282. Give s(-6).
-20
Let a(u) = -2*u**2 - 24*u + 592. What is a(13)?
-58
Let q(w) = -5*w**3 + 66*w**2 - 59*w + 5. Calculate q(12).
161
Let s(l) = l**3 - 8*l**2 - 9*l + 75. What is s(8)?
3
Let z(o) = 2*o**2 + 60*o - 179. Give z(-33).
19
Let i(v) = -v**3 - 27*v**2 - 185*v + 16. Determine i(-13).
55
Let w(b) = 2*b**3 - 64*b**2 + 61*b + 18. Give w(31).
-13
Let g(w) = -445*w + 2492. Give g(6).
-178
Let l(q) = -2*q**2 - 8*q - 4. What is l(8)?
-196
Let a(m) = -2*m**2 - 94*m + 375. What is a(4)?
-33
Let w(k) = 11*k + 125. Give w(-16).
-51
Let y(q) = 3*q**2 + 349*q + 3279. Calculate y(-106).
-7
Let x(f) = -f**3 - 11*f**2 + 10*f + 23. Determine x(-5).
-177
Let c(x) = -112*x - 1108. Determine c(-12).
236
Let x(c) = 387*c + 35620. What is x(-92)?
16
Let u(l) = l**2 + 31*l + 46. Calculate u(-30).
16
Let b(k) = 9*k**2 - 3*k - 8020. What is b(30)?
-10
Let h(u) = -107*u - 1532. What is h(-14)?
-34
Let y(o) = -441*o + 67478. Calculate y(153).
5
Let l(a) = 3*a**3 + 409*a**2 - 273*a + 129. Give l(-137).
-8
Let h(k) = -k**3 - 121*k**2 - 233*k + 637. Give h(-119).
42
Let k(x) = x**2 + 59*x + 125. Determine k(-55).
-95
Let r(s) = 4428*s - 22149. Give r(5).
-9
Let c(b) = -2*b**2 + 55*b + 1083. Calculate c(41).
-24
Let c(r) = 3*r**3 - 33*r**2 + 39*r - 72. Determine c(10).
18
Let g(s) = s**3 + 141*s**2 - 143*s - 143. What is g(-142)?
-1
Let k(r) = -r**2 + 4067*r - 56760. Determine k(14).
-18
Let c(i) = 2*i**2 - 71*i - 189. What is c(38)?
1
Let v(u) = -u**2 - 266*u + 3052. Give v(11).
5
Let c(r) = -58*r - 7973. What is c(-138)?
31
Let d(t) = 8*t + 136. Determine d(-20).
-24
Let p(k) = -29*k + 191. Calculate p(10).
-99
Let o(u) = -2*u**2 + 85*u + 476. Calculate o(-5).
1
Let z(g) = g**2 - 220*g + 1340. Give z(6).
56
Let s(l) = l**2 - 9*l + 2. Calculate s(5).
-18
Let p(o) = -2*o**3 + 23*o**2 - 16*o - 84. Calculate p(10).
56
Let q(x) = -16*x - 408. Calculate q(-24).
-24
Let a(t) = -t**3 - 123*t**2 + 270*t + 2440. Determine a(-125).
-60
Let j(f) = 22*f - 67. What is j(2)?
-23
Let l(o) = -2*o**3 - 229*o**2 + 123*o + 879. Calculate l(-115).
-41
Let b(z) = -z**3 - z**2 - z - 24. Determine b(-5).
81
Let t(k) = -966*k - 20290. Determine t(-21).
-4
Let b(x) = 3*x**2 + 1316*x + 16604. Calculate b(-13).
3
Let d(g) = -2*g + 65. Calculate d(29).
7
Let l(c) = -3*c + 106. What is l(47)?
-35
Let m(j) = -j**3 + 18*j**2 - 21*j + 55. Give m(17).
-13
Let l(w) = 22*w**2 - 15*w - 2. Calculate l(2).
56
Let t(u) = -2*u**3 + 14*u**2 + 77*u - 32. Give t(-4).
12
Let l(s) = -s**3 - 3*s**2 + 2038*s + 4084. Determine l(-2).
4
Let u(t) = -t**3 - 8*t**2 - 6*t - 47. Determine u(-8).
1
Let f(k) = -k**3 + 5*k**2 + 4*k + 23. Give f(7).
-47
Let w(d) = 3*d**2 - 11*d + 8. What is w(7)?
78
Let x(c) = 20*c**2 - 8*c - 11. Determine x(-5).
529
Let v(u) = -u**2 - 105*u - 499. Determine v(-100).
1
Let j(m) = -89*m - 2848. Give j(-32).
0
Let n(f) = -65*f + 178. What is n(1)?
113
Let n(f) = 3*f**3 + 9*f**2 - 31*f + 18. Calculate n(4).
230
Let y(v) = -6*v**2 - 154*v - 288. What is y(-23)?
80
Let t(p) = 10*p**2 + 2671*p + 268. Give t(-267).
1
Let a(t) = 48*t + 276. Calculate a(-5).
36
Let y(j) = j**3 + 12*j**2 - 3*j - 18. Give y(-12).
18
Let y(l) = -35*l**2 + 4970*l - 7. Determine y(142).
-7
Let b(t) = 3*t**2 - 38*t - 18. What is b(12)?
-42
Let x(k) = -6*k**2 - 88*k + 26. Determine x(-15).
-4
Let f(d) = -d**3 - 13*d**2 + 70*d + 34. Give f(-17).
0
Let y(l) = -5*l - 344. Determine y(-8).
-304
Let t(u) = -u**2 - 29*u - 166. Give t(-19).
24
Let a(t) = -59*t - 12. Determine a(2).
-130
Let x(a) = 8*a**2 + 133*a - 23. Give x(-18).
175
Let y(s) = 453*s + 9547. What is y(-21)?
34
Let q(t) = t**3 + 13*t**2 - 109*t - 1355. What is q(-14)?
-25
Let v(a) = 7*a**3 - 96*a**2 - 43*a + 189. Calculate v(14).
-21
Let w(q) = -13*q**3 - 12*q - 21. Give w(-2).
107
Let v(y) = 3*y**2 - 2*y - 69. Calculate v(7).
64
Let c(g) = 79*g + 491. Determine c(-6).
17
Let n(h) = 31*h**2 + 6200*h + 22. Calculate n(-200).
22
Let h(r) = -7*r - 27. Give h(-7).
22
Let x(u) = u**3 - 113*u**2 + 117*u - 557. Give x(112).
3
Let u(k) = -k**3 + 15*k**2 - 22*k - 59. Give u(13).
-7
Let b(q) = -6*q**2 - 4*q - 20. Give b(-5).
-150
Let h(u) = -5*u**2 + 6*u + 3. Determine h(5).
-92
Let k(c) = 2*c**3 + 98*c**2 + 97*c + 64. Determine k(-48).
16
Let c(h) = -475*h - 15678. Determine c(-33).
-3
Let t(p) = 293*p + 587. Determine t(-2).
1
Let v(k) = 32*k - 645. Determine v(20).
-5
Let u(r) = -3*r**2 + 20*r - 11. Calculate u(8).
-43
Let b(t) = 25*t + 707. What is b(-28)?
7
Let t(k) = -8*k - 702. What is t(-84)?
-30
Let x(h) = 3*h**2 - 81*h + 64. Determine x(28).
148
Let c(r) = -r**2 - 68*r + 775. What is c(10)?
-5
Let d(w) = w**2 + 52*w + 444. Determine d(-39).
-63
Let p(a) = -a**3 + 12*a**2 - 37*a - 11. Give p(6).
-17
Let w(a) = -a**3 - 46*a**2 - 91*a + 170. What is w(-44)?
302
Let x(g) = 35*g + 134. Determine x(-5).
-41
Let h(w) = 11*w + 29. What is h(-5)?
-26
Let o(b) = -b**2 + b - 1. Give o(10).
-91
Let o(q) = -q**3 - 12*q**2 - 9*q + 13. What is o(0)?
13
Let u(k) = -k**2 - 39*k - 251. What is u(-10)?
39
Let c(y) = 17*y - 160. Give c(5).
-75
Let z(g) = -39*g - 1260. Give z(-32).
-12
Let a(j) = -j**3 + 89*j**2 - 5*j + 437. Determine a(89).
-8
Let o(c) = 170*c**2 - 11*c - 3. Calculate o(-2).
699
Let q(l) = l**2 - 155*l - 22391. What is q(-91)?
-5
Let l(i) = 136*i + 430. What is l(-3)?
22
Let j(f) = -210*f + 940. Calculate j(5).
-110
Let o(r) = -r**2 - 2*r + 170. Calculate o(-12).
50
Let y(u) = u**2 - 26*u + 153. What is y(17)?
0
Let v(b) = 2*b**3 - b**2 + 4*b - 1. What is v(1)?
4
Let p(w) = 3*w**2 + 27*w + 75. Calculate p(-6).
21
Let m(u) = 2*u**3 + 79*u**2 + 262*u + 5616. Give m(-38).
-8
Let c(i) = -60*i + 1674. Determine c(28).
-6
Let q(f) = f**3 - 8*f**2 - 6*f - 53. Give q(8).
-101
Let o(m) = 2*m**3 - 18*m**2 - 227*m + 49. Give o(16).
1
Let s(f) = 3*f**2 - 169*f - 480. Give s(59).
-8
Let h(v) = -11*v**3 - 4*v**2 - 6*v - 15. Give h(-2).
69
Let f(v) = -v**3 - 14*v**2 - 49*v - 28. What is f(-5)?
-8
Let m(l) = -l**2 + 46*l - 499. Calculate m(28).
5
Let f(s) = -5391*s - 12. Calculate f(0).
-12
Let u(r) = 494*r - 4946. Determine u(10).
-6
Let i(z) = -53*z - 161. Calculate i(0).
-161
Let o(v) = 82*v + 3341. Give o(-38).
225
Let j(n) = 89*n**3 - 2*n**2 - n. Determine j(-1).
-90
Let l(m) = 4*m**2 - 1000*m - 18163. Determine l(267).
-7
Let i(t) = -2480*t - 29783. Calculate i(-12).
-23
Let b(r) = -4*r**3 + 95*r**2 - 296*r - 75. Give b(20).
5
Let c(k) = -4*k**3 - 23*k**2 - 2. What is c(-6)?
34
Let t(b) = 2*b**3 - 207*b**2 - 769*b + 2145. Calculate t(107).
5
Let h(k) = -5*k**2 + 121*k - 12. Determine h(24).
12
Let j(v) = -v**3 + 3*v**2 - 27*v + 47. Calculate j(2).
-3
Let r(o) = 36*o + 2116. What is r(-50)?
316
Let r(l) = l**3 - 7*l**2 - 39*l - 128. Give r(-6).
-362
Let q(f) = 3*f**2 + 471*f - 375. What is q(-158)?
99
Let b(c) = 9*c - 553. What is b(56)?
-49
Let c(v) = 2286*v - 34279. Determine c(15).
11
Let i(p) = -3*p**2 + 103*p + 886. Give i(-7).
18
Let r(p) = -p**3 + 10*p**2 + 14*p + 117. Give r(12).
-3
Let h(m) = -11*m + 74. Give h(9).
-25
Let k(u) = -u**2 + 114*u - 841. Give k(8).
7
Let n(l) = 283*l + 2823. Give n(-10).
-7
Let u(o) = o**3 - 10*o**2 - 10*o + 46. D